{"id":259,"date":"2025-03-06T08:47:51","date_gmt":"2025-03-06T08:47:51","guid":{"rendered":"https:\/\/sueddeutsche-edit.grc-media.com\/?page_id=259"},"modified":"2025-12-01T11:44:48","modified_gmt":"2025-12-01T11:44:48","slug":"kontakt-impressum","status":"publish","type":"page","link":"https:\/\/sueddeutsche.grc-media.com\/finanzvergleich\/kontakt-impressum\/","title":{"rendered":"Impressum"},"content":{"rendered":"<div id=\"cs-content\" class=\"cs-content\"><div class=\"x-section e259-e1 m77-0 m77-1\"><div class=\"x-row x-container max width e259-e2 m77-3 m77-4 m77-5 m77-6 m77-7 m77-f m77-g\"><div class=\"x-row-inner\"><div class=\"x-col e259-e3 m77-n\"><div class=\"x-text x-text-headline e259-e4 m77-t\"><div class=\"x-text-content\"><div class=\"x-text-content-text\"><h1 class=\"x-text-content-text-primary\">Impressum<\/h1>\n<\/div><\/div><\/div><div class=\"x-text x-content e259-e5 m77-u m77-v\"><p><strong>Technisch verantwortlich:\u00a0<\/strong><\/p>\n<p><strong>GRC Media AB<\/strong><\/p>\n<p>Medborgarplatsen 25<\/p>\n<p>118 72 Stockholm<\/p>\n<p>Schweden<\/p>\n<p>Zugleich auch ladungsf\u00e4hige Anschrift f\u00fcr alle im Impressum genannten Verantwortlichen und Vertretungsberechtigten.<\/p>\n<p>Kontakt: <a href=\"mailto:contact@grc-media.com\">contact@grc-media.com<\/a><\/p>\n<p>Gesch\u00e4ftsf\u00fchrung: Pontus Sandberg<\/p>\n<p>Registergericht und Registernummer: 559235-0226<\/p>\n<p>Umsatzsteuer-ID: SE559235022601<\/p>\n<p><strong>Inhaltlich verantwortlich:\u00a0<\/strong><\/p>\n<p><strong>GRC Media AB<\/strong><\/p>\n<p>Medborgarplatsen 25<\/p>\n<p>118 72 Stockholm<\/p>\n<p>Schweden<\/p>\n<p>Kontakt: <a href=\"mailto:contact@grc-media.com\">contact@grc-media.com <\/a><\/p>\n<p><span style=\"text-decoration: underline;\"><strong>Disclaimer<\/strong><\/span><\/p>\n<p><strong>Haftung f\u00fcr Links:<\/strong><\/p>\n<p>Die Webseite enth\u00e4lt Links zu externen Webseiten Dritter, auf deren Inhalte der Anbieter der Webseite keinen Einfluss hat. Deshalb kann der Anbieter f\u00fcr diese fremden Inhalte auch keine Gew\u00e4hr \u00fcbernehmen. F\u00fcr die Inhalte der verlinkten Seiten ist stets der jeweilige Anbieter oder Betreiber der verlinkten Seiten verantwortlich. Die verlinkten Seiten wurden zum Zeitpunkt der Verlinkung auf m\u00f6gliche Rechtsverst\u00f6\u00dfe \u00fcberpr\u00fcft. Rechtswidrige Inhalte waren zum Zeitpunkt der Verlinkung nicht erkennbar.<\/p>\n<p>Eine permanente inhaltliche Kontrolle der verlinkten Seiten ist jedoch ohne konkrete Anhaltspunkte einer Rechtsverletzung nicht zumutbar. Bei Bekanntwerden von Rechtsverletzungen werden derartige Links umgehend entfernen.<\/p>\n<p><strong>Urheberrecht:<\/strong><\/p>\n<p>\u00a9 Copyright 2025 GRC Media AB - alle Rechte vorbehalten<\/p>\n<p>Die durch den Anbieter erstellten Inhalte und Werke auf diesen Seiten unterliegen dem deutschen Urheberrecht. Die Vervielf\u00e4ltigung, Bearbeitung, Verbreitung und jede Art der Verwertung au\u00dferhalb der Grenzen des Urheberrechtes bed\u00fcrfen der schriftlichen Zustimmung des jeweiligen Autors bzw. Erstellers. Downloads und Kopien dieser Seite sind nur f\u00fcr den privaten, nicht kommerziellen Gebrauch gestattet.<\/p>\n<p><strong>Inhalt:<\/strong><\/p>\n<p>Der Anbieter der Webseite \u00fcbernimmt keinerlei Gew\u00e4hr f\u00fcr die Aktualit\u00e4t, Korrektheit, Vollst\u00e4ndigkeit oder Qualit\u00e4t der bereitgestellten Informationen. Haftungsanspr\u00fcche gegen den Anbieter, welche sich auf Sch\u00e4den materieller oder ideeller Art beziehen, die durch die Nutzung oder Nichtnutzung der dargebotenen Informationen bzw. durch die Nutzung fehlerhafter und unvollst\u00e4ndiger Informationen verursacht wurden, sind grunds\u00e4tzlich ausgeschlossen, sofern seitens des Anbieters kein nachweislich vors\u00e4tzliches oder grob fahrl\u00e4ssiges Verschulden vorliegt. Alle Angebote sind freibleibend und unverbindlich. Der Anbieter beh\u00e4lt es sich ausdr\u00fccklich vor, Teile der Seiten oder das gesamte Angebot ohne gesonderte Ank\u00fcndigung zu ver\u00e4ndern, zu erg\u00e4nzen, zu l\u00f6schen oder die Ver\u00f6ffentlichung zeitweise oder endg\u00fcltig einzustellen.<\/p>\n<p>Inhalte Dritter werden als solche gekennzeichnet und die Urheberrechte Dritter beachtet. Sollten Sie trotzdem auf eine Urheberrechtsverletzung aufmerksam werden, bitten wir um einen entsprechenden Hinweis. Als Diensteanbieter sind wir nach den allgemeinen Gesetzen verantwortlich; jedoch nicht verpflichtet, die \u00fcbermittelten oder gespeicherten fremden Informationen zu \u00fcberwachen. Eine Entfernung oder Sperrung dieser Inhalte erfolgt umgehend ab dem Zeitpunkt der Kenntnis einer konkreten Rechtsverletzung.<\/p><\/div><\/div><\/div><\/div><\/div><div class=\"x-section e259-e6 m77-0 m77-2\"><div class=\"x-row e259-e7 m77-3 m77-4 m77-5 m77-6 m77-7 m77-f m77-h\"><div class=\"x-row-inner\"><div class=\"x-col e259-e8 m77-n\"><div class=\"x-section e259-e9 m77-0 m77-2\"><div class=\"x-row x-container max width e259-e10 m77-3 m77-5 m77-6 m77-8 m77-9 m77-i m77-j\"><div class=\"x-row-inner\"><div class=\"x-col e259-e11 m77-n\"><hr class=\"x-line e259-e12 m77-x\"\/><\/div><\/div><\/div><div class=\"x-row x-container max width e259-e13 m77-3 m77-4 m77-6 m77-9 m77-a m77-b m77-i m77-k\"><div class=\"x-row-inner\"><div class=\"x-col e259-e14 m77-n m77-o m77-p m77-q\"><a class=\"x-anchor x-anchor-button has-graphic e259-e15 m77-y m77-z m77-10 m77-11\" tabindex=\"0\" href=\"#\" onclick=\"window.open(&#039;http:\/\/www.linkedin.com\/shareArticle?mini=true&amp;url=https%3A%2F%2Fsueddeutsche.grc-media.com%2Ffinanzvergleich%2Fwp-json%2Fwp%2Fv2%2Fpages%2F259&amp;title=Teilen&amp;summary=%5Bcs_content+_p%3D%27259%27%5D%5Bcs_element_section+_id%3D%221%22+%5D%5Bcs_element_layout_row+_id%3D%222%22+%5D%5Bcs_element_layout_column+_id%3D%223%22+%5D%5Bcs_element_headline+_id%3D%224%22+%5D%5Bcs_content_seo%5DImpressum%5Cn%5Cn%5B%2Fcs_content_seo%5D%5Bcs_element_text+_id%3D%225%22+%5D%5Bcs_content_seo%5DTechnisch+verantwortlich%3A%C2%A0+GRC+Media+AB+Medborgarplatsen+25+118+72+Stockholm+Schweden+Zugleich+auch+ladungsf%C3%A4hige+Anschrift+f%C3%BCr+alle+im+Impressum+genannten+Verantwortlichen+und+Vertretungsberechtigten.+Kontakt%3A+contact%40grc-media.com+Gesch%C3%A4ftsf%C3%BChrung%3A+Pontus+Sandberg+Registergericht+und+Registernummer%3A+559235-0226+Umsatzsteuer-ID%3A+SE559235022601+Inhaltlich+verantwortlich%3A%C2%A0+GRC+Media+AB+Medborgarplatsen+25+118+72+Stockholm+Schweden+Kontakt%3A+contact%40grc-media.com+Disclaimer+Haftung+...+%3Cdiv%3E%3Ca+href%3D%22https%3A%2F%2Fsueddeutsche.grc-media.com%2Ffinanzvergleich%2Fkontakt-impressum%2F%22+class%3D%22more-link%22%3ERead+More%3C%2Fa%3E%3C%2Fdiv%3E&amp;source=S%C3%BCddeutsche+Zeitung+Finanzvergleich&#039;, &#039;popupLinkedIn&#039;, &#039;width=610, height=480, resizable=0, toolbar=0, menubar=0, status=0, location=0, scrollbars=0&#039;); return false;\"><div class=\"x-anchor-content\"><span class=\"x-graphic\" aria-hidden=\"true\"><i class=\"x-icon x-graphic-child x-graphic-icon x-graphic-primary\" aria-hidden=\"true\" data-x-icon-o=\"&#xf064;\"><\/i><\/span><\/div><\/a><div class=\"x-text x-content e259-e16 m77-v m77-w\">Teilen<\/div><\/div><div class=\"x-col e259-e17 m77-n m77-o m77-p m77-q\"><a class=\"x-anchor x-anchor-button has-graphic e259-e18 m77-y m77-z m77-10 m77-11\" tabindex=\"0\" href=\"mailto:contact@grc-media.com\"><div class=\"x-anchor-content\"><span class=\"x-graphic\" aria-hidden=\"true\"><i class=\"x-icon x-graphic-child x-graphic-icon x-graphic-primary\" aria-hidden=\"true\" data-x-icon-o=\"&#xf4af;\"><\/i><\/span><\/div><\/a><div class=\"x-text x-content e259-e19 m77-v m77-w\">Feedback<\/div><\/div><div class=\"x-col e259-e20 m77-n m77-o m77-p m77-r\"><a class=\"x-anchor x-anchor-button e259-e21 m77-z m77-10 m77-12 m77-13\" tabindex=\"0\" href=\"https:\/\/sueddeutsche.grc-media.com\/finanzvergleich\"><div class=\"x-anchor-content\"><div class=\"x-anchor-text\"><span class=\"x-anchor-text-primary\">Zur Startseite<\/span><\/div><\/div><\/a><\/div><\/div><\/div><div class=\"x-row x-container max width e259-e22 m77-3 m77-5 m77-6 m77-9 m77-c m77-d m77-i m77-l\"><div class=\"x-row-inner\"><div class=\"x-col e259-e23 m77-n\"><hr class=\"x-line e259-e24 m77-x\"\/><\/div><\/div><\/div><div class=\"x-row e259-e25 m77-3 m77-7 m77-b m77-d m77-e m77-f m77-m\"><div class=\"x-row-inner\"><div class=\"x-col e259-e26 m77-n m77-o m77-q m77-s\"><a class=\"x-anchor x-anchor-button e259-e27 m77-z m77-11 m77-12 m77-14\" tabindex=\"0\" href=\"https:\/\/www.sueddeutsche.de\/finanzvergleich\/konto\/\"><div class=\"x-anchor-content\"><div class=\"x-anchor-text\"><span class=\"x-anchor-text-primary\">Konto<\/span><\/div><\/div><\/a><a class=\"x-anchor x-anchor-button e259-e28 m77-z m77-11 m77-12 m77-14\" tabindex=\"0\" href=\"https:\/\/www.sueddeutsche.de\/finanzvergleich\/kreditvergleich\/\"><div class=\"x-anchor-content\"><div class=\"x-anchor-text\"><span class=\"x-anchor-text-primary\">Kreditvergleich<\/span><\/div><\/div><\/a><a class=\"x-anchor x-anchor-button e259-e29 m77-z m77-11 m77-12 m77-14\" tabindex=\"0\" href=\"https:\/\/www.sueddeutsche.de\/finanzvergleich\/kreditkarten-vergleich\/\"><div class=\"x-anchor-content\"><div class=\"x-anchor-text\"><span class=\"x-anchor-text-primary\">Kreditkarte<\/span><\/div><\/div><\/a><\/div><\/div><\/div><\/div><\/div><\/div><\/div><\/div><\/div>\n","protected":false},"excerpt":{"rendered":"<p>Impressum Technisch verantwortlich:\u00a0 GRC Media AB Medborgarplatsen 25 118 72 Stockholm Schweden Zugleich auch ladungsf\u00e4hige Anschrift f\u00fcr alle im Impressum genannten Verantwortlichen und Vertretungsberechtigten. Kontakt: contact@grc-media.com Gesch\u00e4ftsf\u00fchrung: Pontus Sandberg Registergericht und Registernummer: 559235-0226 Umsatzsteuer-ID: SE559235022601 Inhaltlich verantwortlich:\u00a0 GRC Media AB Medborgarplatsen 25 118 72 Stockholm Schweden Kontakt: contact@grc-media.com Disclaimer Haftung f\u00fcr Links: Die Webseite enth\u00e4lt Links zu externen Webseiten Dritter, &#8230; <\/p>\n<div><a href=\"https:\/\/sueddeutsche.grc-media.com\/finanzvergleich\/kontakt-impressum\/\" class=\"more-link\">Read More<\/a><\/div>\n","protected":false},"author":2,"featured_media":0,"parent":0,"menu_order":0,"comment_status":"closed","ping_status":"closed","template":"template-blank-4.php","meta":{"footnotes":""},"class_list":["post-259","page","type-page","status-publish","hentry","no-post-thumbnail"],"yoast_head":"<!-- This site is optimized with the Yoast SEO plugin v27.5 - https:\/\/yoast.com\/product\/yoast-seo-wordpress\/ -->\n<title>Impressum - S\u00fcddeutsche Zeitung Finanzvergleich<\/title>\n<meta name=\"robots\" content=\"index, follow, max-snippet:-1, max-image-preview:large, max-video-preview:-1\" \/>\n<link rel=\"canonical\" href=\"https:\/\/www.sueddeutsche.de\/finanzvergleich\/kontakt-impressum\/\" \/>\n<meta property=\"og:locale\" content=\"de_DE\" \/>\n<meta property=\"og:type\" content=\"article\" \/>\n<meta property=\"og:title\" content=\"Impressum - S\u00fcddeutsche Zeitung Finanzvergleich\" \/>\n<meta property=\"og:description\" content=\"Impressum Technisch verantwortlich:\u00a0 GRC Media AB Medborgarplatsen 25 118 72 Stockholm Schweden Zugleich auch ladungsf\u00e4hige Anschrift f\u00fcr alle im Impressum genannten Verantwortlichen und Vertretungsberechtigten. Kontakt: contact@grc-media.com Gesch\u00e4ftsf\u00fchrung: Pontus Sandberg Registergericht und Registernummer: 559235-0226 Umsatzsteuer-ID: SE559235022601 Inhaltlich verantwortlich:\u00a0 GRC Media AB Medborgarplatsen 25 118 72 Stockholm Schweden Kontakt: contact@grc-media.com Disclaimer Haftung f\u00fcr Links: Die Webseite enth\u00e4lt Links zu externen Webseiten Dritter, ... Read More\" \/>\n<meta property=\"og:url\" content=\"https:\/\/www.sueddeutsche.de\/finanzvergleich\/kontakt-impressum\/\" \/>\n<meta property=\"og:site_name\" content=\"S\u00fcddeutsche Zeitung Finanzvergleich\" \/>\n<meta property=\"article:modified_time\" content=\"2025-12-01T11:44:48+00:00\" \/>\n<meta name=\"twitter:card\" content=\"summary_large_image\" \/>\n<meta name=\"twitter:label1\" content=\"Gesch\u00e4tzte Lesezeit\" \/>\n\t<meta name=\"twitter:data1\" content=\"3\u00a0Minuten\" \/>\n<script type=\"application\/ld+json\" class=\"yoast-schema-graph\">{\"@context\":\"https:\\\/\\\/schema.org\",\"@graph\":[{\"@type\":\"WebPage\",\"@id\":\"https:\\\/\\\/www.sueddeutsche.de\\\/finanzvergleich\\\/kontakt-impressum\\\/\",\"url\":\"https:\\\/\\\/www.sueddeutsche.de\\\/finanzvergleich\\\/kontakt-impressum\\\/\",\"name\":\"Impressum - S\u00fcddeutsche Zeitung Finanzvergleich\",\"isPartOf\":{\"@id\":\"https:\\\/\\\/www.sueddeutsche.de\\\/finanzvergleich\\\/#website\"},\"datePublished\":\"2025-03-06T08:47:51+00:00\",\"dateModified\":\"2025-12-01T11:44:48+00:00\",\"breadcrumb\":{\"@id\":\"https:\\\/\\\/www.sueddeutsche.de\\\/finanzvergleich\\\/kontakt-impressum\\\/#breadcrumb\"},\"inLanguage\":\"de\",\"potentialAction\":[{\"@type\":\"ReadAction\",\"target\":[\"https:\\\/\\\/www.sueddeutsche.de\\\/finanzvergleich\\\/kontakt-impressum\\\/\"]}]},{\"@type\":\"BreadcrumbList\",\"@id\":\"https:\\\/\\\/www.sueddeutsche.de\\\/finanzvergleich\\\/kontakt-impressum\\\/#breadcrumb\",\"itemListElement\":[{\"@type\":\"ListItem\",\"position\":1,\"name\":\"Startseite\",\"item\":\"https:\\\/\\\/www.sueddeutsche.de\\\/finanzvergleich\\\/\"},{\"@type\":\"ListItem\",\"position\":2,\"name\":\"Impressum\"}]},{\"@type\":\"WebSite\",\"@id\":\"https:\\\/\\\/www.sueddeutsche.de\\\/finanzvergleich\\\/#website\",\"url\":\"https:\\\/\\\/www.sueddeutsche.de\\\/finanzvergleich\\\/\",\"name\":\"S\u00fcddeutsche Zeitung Finanzvergleich\",\"description\":\"\",\"potentialAction\":[{\"@type\":\"SearchAction\",\"target\":{\"@type\":\"EntryPoint\",\"urlTemplate\":\"https:\\\/\\\/www.sueddeutsche.de\\\/finanzvergleich\\\/?s={search_term_string}\"},\"query-input\":{\"@type\":\"PropertyValueSpecification\",\"valueRequired\":true,\"valueName\":\"search_term_string\"}}],\"inLanguage\":\"de\"}]}<\/script>\n<!-- \/ Yoast SEO plugin. -->","yoast_head_json":{"title":"Impressum - S\u00fcddeutsche Zeitung Finanzvergleich","robots":{"index":"index","follow":"follow","max-snippet":"max-snippet:-1","max-image-preview":"max-image-preview:large","max-video-preview":"max-video-preview:-1"},"canonical":"https:\/\/www.sueddeutsche.de\/finanzvergleich\/kontakt-impressum\/","og_locale":"de_DE","og_type":"article","og_title":"Impressum - S\u00fcddeutsche Zeitung Finanzvergleich","og_description":"Impressum Technisch verantwortlich:\u00a0 GRC Media AB Medborgarplatsen 25 118 72 Stockholm Schweden Zugleich auch ladungsf\u00e4hige Anschrift f\u00fcr alle im Impressum genannten Verantwortlichen und Vertretungsberechtigten. Kontakt: contact@grc-media.com Gesch\u00e4ftsf\u00fchrung: Pontus Sandberg Registergericht und Registernummer: 559235-0226 Umsatzsteuer-ID: SE559235022601 Inhaltlich verantwortlich:\u00a0 GRC Media AB Medborgarplatsen 25 118 72 Stockholm Schweden Kontakt: contact@grc-media.com Disclaimer Haftung f\u00fcr Links: Die Webseite enth\u00e4lt Links zu externen Webseiten Dritter, ... Read More","og_url":"https:\/\/www.sueddeutsche.de\/finanzvergleich\/kontakt-impressum\/","og_site_name":"S\u00fcddeutsche Zeitung Finanzvergleich","article_modified_time":"2025-12-01T11:44:48+00:00","twitter_card":"summary_large_image","twitter_misc":{"Gesch\u00e4tzte Lesezeit":"3\u00a0Minuten"},"schema":{"@context":"https:\/\/schema.org","@graph":[{"@type":"WebPage","@id":"https:\/\/www.sueddeutsche.de\/finanzvergleich\/kontakt-impressum\/","url":"https:\/\/www.sueddeutsche.de\/finanzvergleich\/kontakt-impressum\/","name":"Impressum - S\u00fcddeutsche Zeitung Finanzvergleich","isPartOf":{"@id":"https:\/\/www.sueddeutsche.de\/finanzvergleich\/#website"},"datePublished":"2025-03-06T08:47:51+00:00","dateModified":"2025-12-01T11:44:48+00:00","breadcrumb":{"@id":"https:\/\/www.sueddeutsche.de\/finanzvergleich\/kontakt-impressum\/#breadcrumb"},"inLanguage":"de","potentialAction":[{"@type":"ReadAction","target":["https:\/\/www.sueddeutsche.de\/finanzvergleich\/kontakt-impressum\/"]}]},{"@type":"BreadcrumbList","@id":"https:\/\/www.sueddeutsche.de\/finanzvergleich\/kontakt-impressum\/#breadcrumb","itemListElement":[{"@type":"ListItem","position":1,"name":"Startseite","item":"https:\/\/www.sueddeutsche.de\/finanzvergleich\/"},{"@type":"ListItem","position":2,"name":"Impressum"}]},{"@type":"WebSite","@id":"https:\/\/www.sueddeutsche.de\/finanzvergleich\/#website","url":"https:\/\/www.sueddeutsche.de\/finanzvergleich\/","name":"S\u00fcddeutsche Zeitung Finanzvergleich","description":"","potentialAction":[{"@type":"SearchAction","target":{"@type":"EntryPoint","urlTemplate":"https:\/\/www.sueddeutsche.de\/finanzvergleich\/?s={search_term_string}"},"query-input":{"@type":"PropertyValueSpecification","valueRequired":true,"valueName":"search_term_string"}}],"inLanguage":"de"}]}},"_links":{"self":[{"href":"https:\/\/sueddeutsche.grc-media.com\/finanzvergleich\/wp-json\/wp\/v2\/pages\/259","targetHints":{"allow":["GET"]}}],"collection":[{"href":"https:\/\/sueddeutsche.grc-media.com\/finanzvergleich\/wp-json\/wp\/v2\/pages"}],"about":[{"href":"https:\/\/sueddeutsche.grc-media.com\/finanzvergleich\/wp-json\/wp\/v2\/types\/page"}],"author":[{"embeddable":true,"href":"https:\/\/sueddeutsche.grc-media.com\/finanzvergleich\/wp-json\/wp\/v2\/users\/2"}],"replies":[{"embeddable":true,"href":"https:\/\/sueddeutsche.grc-media.com\/finanzvergleich\/wp-json\/wp\/v2\/comments?post=259"}],"version-history":[{"count":0,"href":"https:\/\/sueddeutsche.grc-media.com\/finanzvergleich\/wp-json\/wp\/v2\/pages\/259\/revisions"}],"wp:attachment":[{"href":"https:\/\/sueddeutsche.grc-media.com\/finanzvergleich\/wp-json\/wp\/v2\/media?parent=259"}],"curies":[{"name":"wp","href":"https:\/\/api.w.org\/{rel}","templated":true}]}}